 + 0/(-5)?
True
Let b(t) = -t**3 + 3*t**2 - 3*t - 2. Let c = 9 - 6. Let h be b(c). Is 1/(-2) - h/2 even?
False
Suppose p - 6*p = 205. Let g be (p/(-3))/((-1)/6). Does 10 divide g/(-4) - (-4)/(-8)?
True
Let n = -13 + 36. Let a = -4 + n. Does 6 divide a?
False
Suppose 9 = 3*x + 3. Let n be -15*x*2/(-4). Let m = n - 5. Is 9 a factor of m?
False
Let f be -5*30/(2/(-2)). Suppose f = k + 2*k. Suppose 4*s + 2*w - k = 4*w, w = -5*s + 66. Does 13 divide s?
True
Let h = 31 + -15. Suppose -10 = -5*r, 4*r + 26 = 5*z - h. Does 4 divide z?
False
Let h be 4/(-6) - (-85)/15. Suppose -2*u = -h*u. Suppose 2*i - 5*o + 50 = 7*i, -2*i + 2*o + 16 = u. Is i a multiple of 4?
False
Let o(z) = -24*z. Is o(-4) a multiple of 32?
True
Let q be 10/6*3/(-1). Let z = 26 + q. Is 9 a factor of z?
False
Let a be 1*((3 - 6) + 2). Is 7 a factor of (-160)/(-12) - a/(-3)?
False
Let s = -117 + 145. Does 3 divide s?
False
Let d be 0 + 7 + 1 + -1. Let r = -3 + d. Suppose p = -r*p + 120. Is p a multiple of 16?
False
Suppose 5*i + 40 = -3*x, -5*x = -5*i + 18 + 22. Let v(o) = -o**2 - 11*o - 5. Let u be v(x). Suppose 2*a = -5*p + 23 + 8, p = -u*a + 43. Is 3 a factor of a?
False
Let x(c) = c**3 + 7*c**2 + 6*c + 20. Is x(-5) a multiple of 10?
True
Let x = 541 + -855. Does 13 divide 5/(-30) - x/12?
True
Suppose 45 = -5*j - 30. Let t = -10 - j. Does 5 divide t?
True
Suppose 1 = -2*i + 3. Let f = 17 - i. Let q = f - 11. Does 2 divide q?
False
Let j be (-4 - -5)*(1 + 6). Suppose -3*i = -35 - j. Suppose -i = -2*q + 22. Is q a multiple of 8?
False
Let m be (17/3 - 3)*3. Let t(g) = 1 + m*g + 0 - 3. Is t(1) a multiple of 4?
False
Suppose 2*d = -3*j + 1 + 6, -d - 2*j = -4. Suppose -4*g - 38 = -t, -t - d*t = g - 49. Is t a multiple of 9?
True
Let c(p) = p + 2. Let l = 3 - 6. Let b be c(l). Is b/(62/(-30) - -2) a multiple of 7?
False
Is 2/3 - 441/(-27) a multiple of 14?
False
Let b(n) = 2*n**2 + n - 5. Let d be b(-5). Suppose 6*w + d = w. Is 3/(-1)*w/6 a multiple of 4?
True
Let g = 6 + 83. Let j = g - 60. Is j a multiple of 18?
False
Let z(h) = -2*h + 8. Let b be z(7). Does 12 divide 0 - 3 - b - -42?
False
Let u(y) = 2*y**3 + 3*y**2 - y + 3. Is u(3) a multiple of 29?
False
Suppose 0 = 4*n + 530 - 1250. Does 15 divide n?
True
Let j be 51/(-1)*6/6. Let l = j - -91. Is 10 a factor of l?
True
Suppose 0 = -w + 5*w - 20. Let o(c) = 10*c - 1. Let h be o(w). Suppose 4*r + 3*s = -r + 57, s = -5*r + h. Does 9 divide r?
True
Suppose 0 = -3*b - 2*t + 20, 22 = 4*b - 0*t + 5*t. Suppose -2*u + 0 = -b, 0 = 2*n - 5*u + 6. Is n a multiple of 7?
True
Suppose 2*r + 34 = 3*r. Is r a multiple of 34?
True
Let f be (-4)/2*-1 - 1. Let q be 1 + (1 - (3 - f)). Suppose -2*r - 3*r + 10 = q. Does 2 divide r?
True
Does 20 divide 3048/56 + 8/14?
False
Let m(u) = -u**3 + u**2 + 4*u + 4. Is 7 a factor of m(-3)?
True
Suppose 18 = -v + 123. Suppose 24 = -y + v. Is 27 a factor of y?
True
Suppose 3*z - 3*k = -15, -2*z = -k + 6*k - 11. Let a = 12 + z. Does 5 divide a?
True
Let j = 66 - 19. Does 11 divide j?
False
Suppose 5*t + 14 = -4*z, 0 = 5*z + 2*t - t + 7. Let b be -36 + 0/(-1) + z. Let c = b - -72. Is 14 a factor of c?
False
Let x be (10/4)/(-1)*-2. Suppose -2 = 2*i, x*p - 4 = -i + 10. Is p even?
False
Suppose o + 2*r - 90 = 0, -305 = -4*o + r + 2*r. Is o a multiple of 19?
False
Suppose 0 = -5*l - 0*z - z + 49, 0 = 3*l + 3*z - 27. Is 68/20 + 6/l a multiple of 2?
True
Suppose 3*n - 24 = -2*u, 4*n + 0*u - 43 = u. Is 5 a factor of n?
True
Let n = -482 - -677. Is 7 a factor of n?
False
Let y(l) = 3*l**2 - 6*l - 3. Does 14 divide y(6)?
False
Let i(b) = b**2 + 4 + 8*b + 2*b + 6. Let z be i(-7). Let n = 2 - z. Is n a multiple of 13?
True
Let s = 6 - 2. Suppose -5*d = 4*g - 331, d + s*g = -3*d + 268. Let n = -43 + d. Is 7 a factor of n?
False
Let t(m) = m**3 + 8*m**2 + 8*m + 11. Let d be t(-5). Is 17 a factor of -2 - 1*-1*d?
False
Is 3*(-1 + 16/3) a multiple of 9?
False
Let a be 2/(-5) + 86/(-10). Let b be (3/1)/(a/(-546)). Is 14 a factor of b/4 - 4/8?
False
Let z = 243 - -195. Is 55 a factor of z?
False
Let h = 22 - 19. Suppose -1 = g + h*z + 1, 0 = 2*g + 5*z + 2. Is 3 a factor of g?
False
Suppose 0 = 6*d + 60 - 456. Is 21 a factor of d?
False
Suppose 4*p = 3*p - l + 87, 0 = -p + 5*l + 105. Is p a multiple of 13?
False
Let b(f) = f**2 + 8*f - 1 - 8*f. Let k be b(-1). Suppose -5*u + y = -21, -2*u - 2 = -k*u - 3*y. Is 4 a factor of u?
False
Suppose 0 = 6*i - 4*i - 160. Is i a multiple of 16?
True
Suppose 0 = -4*i + 5*o + 32, 0 = -0*o - o. Suppose 12 = -3*g, 3*n - 7*n + i = 5*g. Does 4 divide n?
False
Let r be 8/(-3)*(-9)/4. Suppose 0 = -4*q + g - r + 23, 4*g = -4. Suppose 0 = q*w + 5*k + 8 - 99, -25 = 5*k. Is 11 a factor of w?
False
Let j(s) = s**2 - 29*s + 4. Let x be j(29). Let l = 3 - 1. Suppose -x = l*g - 28. Does 6 divide g?
True
Let z(p) = -p**2 - 3*p - 1. Let b be z(-8). Let u = b + 69. Suppose r - 1 = n, 7*r - u = -2*n + 3*r. Is 2 a factor of n?
True
Let y be ((-54)/4)/(6/(-8)). Suppose 8 = 4*v - 4. Suppose 10 = -5*f, -6*a - 3*f = -v*a - y. Is 3 a factor of a?
False
Is ((-2)/(-4))/((-4)/(-40)) a multiple of 3?
False
Let l(n) = n**3 - 6*n**2 + 3. Let o be l(6). Let p = o - 1. Suppose -p*f + 2 + 6 = 0. Does 2 divide f?
True
Suppose -16*v + 12*v + 156 = 0. Does 4 divide v?
False
Let l(k) be the first derivative of k**2/2 + 5*k + 2. Let p be l(-5). Let r = p + 3. Is r a multiple of 2?
False
Suppose 2*v + q - 10 = -0*q, -5*v = 4*q - 28. Suppose -v*h = 6 - 18. Is h/6*(53 + -1) a multiple of 20?
False
Let p(s) = 5*s**2 + 6*s + 7. Is 14 a factor of p(-7)?
True
Let t(b) = b**2 + 4*b + 9. Let w be t(8). Suppose 4*m - w = 3*j, -2*j = -2*m + 6*m - 130. Is m a multiple of 20?
False
Let o be ((-22)/5)/(2/(-10)). Let k = -10 + o. Is k a multiple of 12?
True
Suppose 7*p = 3*p - 8. Does 7 divide ((-2)/6)/(p/114)?
False
Let s(x) = -5 + 2 + x**2 + x + 1. Let r be s(-2). Let b = r + 12. Does 12 divide b?
True
Suppose 0*f - 3*f + p = -34, 2*p = 10. Suppose f - 5 = -v. Let x = 12 + v. Is x a multiple of 4?
True
Let q(h) = -h**3 + h**2 + 2. Let m be q(-2). Let l(r) = -r + r - m + 4*r. Is 15 a factor of l(11)?
True
Let g = 53 + 7. Does 9 divide g?
False
Suppose -5*l - 15 = 0, 3*l - 10 = 5*k + 8*l. Let m(y) = 65*y**3 - y**2 + y - 1. Is m(k) a multiple of 18?
False
Let i(k) = 3*k**2 - 5*k + 5. Is 12 a factor of i(3)?
False
Let b(d) be the first derivative of -d**3/3 + 7*d**2/2 - 4*d + 2. Suppose 12 = -0*x + 2*x. Does 2 divide b(x)?
True
Let y be (-3)/12 - 51/4. Suppose 9 + 30 = -v. Is (-388)/y + (-6)/v a multiple of 11?
False
Let n(p) = -54*p**3 - p**2 + 1. Let v be n(-1). Suppose -f - v = -3*f. Does 23 divide f?
False
Suppose -4*r + 5*f - 15 = 0, r + 4*f = 3*r + 12. Suppose r = 3*g - 83 + 14. Is 7 a factor of g?
False
Let x = 26 - -4. Is 15 a factor of x?
True
Suppose -4*j + 399 = -277. Does 49 divide j?
False
Suppose -x + 167 = 2*x + 2*d, 2*d = -2*x + 112. Is x a multiple of 22?
False
Suppose h = 3*h + 2*k - 2, 5*h + 7 = -k. Let z be h/9 + 722/9. Suppose -t - 3*t = -z. Is t a multiple of 11?
False
Suppose 4*w + 3 = 5*w. Let b be (-235)/(-3) - (-2)/3. Is 13 a factor of 1/(-3) + b/w?
True
Suppose -2*x = -3*o - 0 + 7, 2*o = -x. Suppose m = 26 + o. Is m a multiple of 11?
False
Does 33 divide 34 - 3 - (-8)/4?
True
Suppose -4*f - 3*h + 31 = 0, 0 = 5*f - h - 0*h - 34. Is 6 a factor of f?
False
Let z = 30 - 15. Suppose 3*y = 48 + z. Is 21 a factor of y?
True
Suppose 49 = 2*r - 3*d, 4*d + 17 = -r + 2*r. Is 8 a factor of r?
False
Suppose -d - 2*d = -5*f - 34, 4*f = 5*d - 35. Suppose 2*z = 5*l - 6, -5*z - l = l - 14. Is ((-16)/(-6))/(z/d) a multiple of 3?
False
Suppose 50 = -5*c + 15. Let i be 2 - c/(7/(-8)). Let u = i - -15. Does 9 divide u?
True
Suppose y + 3 = -2*v, 2*v + 2*v = -3*y - 11. Let x = 2 + v. Suppose 0*h = x*h - 24. Does 4 divide h?
True
Let p be ((-1)/2)/((-6)/(-84)). Is 11 a factor of (7/2)/p*-22?
True
Suppose q = -2*z + 50, z - 200 = -3*q + 5*z. Does 12 divide q?
True
Is 67 + 9/(9/(-3)) a multiple of 4?
True
Does 34 divide (-2020)/(-32) - 3/24?
False
Let f = 12 + 3. Suppose 2*m - 69 = -f. Is 15 a factor of m?
False
Suppose 3*f - 13 - 23 = 0. Suppose f = -0*j + j. Is 4 a factor of j?
True
Suppose 3*d - 7*d + 4 = 0. Let i = -2 + d. Is 4 a factor of 11 - (1 + (i - 1))?
True
Let p(y) = 0*y - 3*y**2 + y**2 - y**3 + 0*y. Is 6 a factor of p(-3)?
False
Is 